{"id":92,"date":"2024-07-31T09:29:09","date_gmt":"2024-07-31T14:29:09","guid":{"rendered":"https:\/\/ensfrontino.edu.co\/?page_id=92"},"modified":"2024-10-31T14:07:02","modified_gmt":"2024-10-31T19:07:02","slug":"directiva","status":"publish","type":"page","link":"https:\/\/ensfrontino.edu.co\/index.php\/directiva\/","title":{"rendered":"DIRECTIVA"},"content":{"rendered":"\n<div class=\"wp-block-group alignwide has-global-padding is-layout-constrained wp-block-group-is-layout-constrained\">\n<h1 class=\"wp-block-heading alignwide has-xx-large-font-size\" style=\"line-height:1.2\"><strong>Gesti\u00f3n Directiva: <\/strong><\/h1>\n\n\n\n<p>Se refiere a la manera como el establecimiento educativo es orientado. Esta \u00e1rea se centra en el direccionamiento estrat\u00e9gico, la cultura institucional, el clima y el gobierno escolar, adem\u00e1s de las relaciones con el entorno. De esta forma es posible que el rector o director y su equipo de gesti\u00f3n organicen, desarrollen y eval\u00faen el funcionamiento general de la instituci\u00f3n.<\/p>\n\n\n\n<p><strong>El Rector  <\/strong>encargado de dirigir la resignificaci\u00f3n del PEI con la participaci\u00f3n &nbsp;de los distintos actores de la comunidad educativa, responder por la calidad de la &nbsp;prestaci\u00f3n del servicio. Actualmente, est\u00e1  como rector el especialista Carlos Mario Londo\u00f1o Mu\u00f1etones.<\/p>\n<\/div>\n\n\n\n<div class=\"wp-block-group alignfull has-global-padding is-layout-constrained wp-container-core-group-is-layout-0747478d wp-block-group-is-layout-constrained\" style=\"padding-top:var(--wp--preset--spacing--50);padding-right:var(--wp--preset--spacing--50);padding-bottom:var(--wp--preset--spacing--50);padding-left:var(--wp--preset--spacing--50)\">\n<div class=\"wp-block-columns alignwide is-layout-flex wp-container-core-columns-is-layout-ff4b9c61 wp-block-columns-is-layout-flex\" style=\"margin-top:0;margin-bottom:0\">\n<div class=\"wp-block-column is-layout-flow wp-container-core-column-is-layout-8a368f38 wp-block-column-is-layout-flow\">\n<div class=\"wp-block-query is-layout-flow wp-block-query-is-layout-flow\"><\/div>\n<\/div>\n\n\n\n<div class=\"wp-block-column is-layout-flow wp-container-core-column-is-layout-8a368f38 wp-block-column-is-layout-flow\">\n<pre class=\"wp-block-verse\"><br><strong>CRONOGRANA<\/strong><br><\/pre>\n\n\n\n<figure class=\"wp-block-table\"><table><tbody><tr><td><strong>ACTIVIDADES<\/strong><\/td><td><strong>FECHA<\/strong><\/td><td><strong>OBSER<\/strong><\/td><\/tr><tr><td>Comisiones de evaluaci\u00f3n<\/td><td>12\/09<\/td><td>1 pm<\/td><\/tr><tr><td>Foro ENS<\/td><td>18\/09<\/td><td>Med.<\/td><\/tr><tr><td>Pasant\u00eda  PFC<\/td><td>30\/09<\/td><td>Abej<\/td><\/tr><tr><td>Juegos intercolegiados<\/td><td><\/td><td>Liborina<\/td><\/tr><tr><td>Fiesta Institucional<\/td><td>Oct\/24<\/td><td><\/td><\/tr><tr><td><\/td><td><\/td><td><\/td><\/tr><tr><td><\/td><td><\/td><td><\/td><\/tr><tr><td><\/td><td><\/td><td><\/td><\/tr><\/tbody><\/table><\/figure>\n<\/div>\n\n\n\n<div class=\"wp-block-column is-vertically-aligned-top is-layout-flow wp-container-core-column-is-layout-8736a895 wp-block-column-is-layout-flow\" style=\"padding-top:0\"><\/div>\n<\/div>\n<\/div>\n\n\n\n<p><strong>CONSEJO DIRECTIVO<\/strong><\/p>\n\n\n\n<p>Es el organismo cargado de tomar las decisiones relacionadas con el funcionamiento institucional: planear y evaluar el PEI, el curr\u00edculo y el plan de estudios; adoptar el manual de convivencia; resolver conflictos entre docentes y administrativos con los estudiantes; definir el uso de las instalaciones para la realizaci\u00f3n de actividades educativas, culturales, recreativas, deportivas y sociales; aprobar el presupuesto de ingresos y gastos, entre otras. Los integrantes de este son: Carlos Mario Londo\u00f1o Mu\u00f1etones, Rector, Claudia Vel\u00e1squez Garc\u00e9s, Rep. docente, In\u00e9s Zapata Guzm\u00e1n, Rep. docente, Wilson Torres Caro, Rep. sector productivo, Carlos Jaimes, Rep. de padres, Paula G\u00f3mez. Rep. de padres, Leidy Johana Lezcano, Rep de egresados, Valeria Montoya, Rep. estudiantes.<\/p>\n\n\n\n<p><strong>El Consejo de Padres de Familia<\/strong><\/p>\n\n\n\n<p>Sus principales funciones son: involucrarse en la elaboraci\u00f3n de los planes de mejoramiento; contribuir con el rector o director en el an\u00e1lisis, difusi\u00f3n y uso de los resultados de las pruebas SABER y el examen de Estado; presentar propuestas para actualizar el manual de convivencia; apoyar actividades art\u00edsticas, cient\u00edficas, t\u00e9cnicas y deportivas orientadas a mejorar las competencias de los estudiantes en distintas \u00e1reas.<\/p>\n\n\n\n<p>Integrantes: 1\u00baA   xxxxx xxx    xxxxxxxxxxxxxxxxxxxxxxxxxxxxxxxxxxxxxxxxxxxxxxxxxxxxxxxxxxxxxxxxxxxxxxxxxxxxxxxxxxxxxxxxxxxxxxxxxxxxxxxxxxxxxxxxxxxxxxxxxxxxxxxxxxxxxxxxxxxxxxxxxxxxxxxxxxx<\/p>\n\n\n\n<p><\/p>\n","protected":false},"excerpt":{"rendered":"<p>Gesti\u00f3n Directiva: Se refiere a la manera como el establecimiento educativo es orientado. Esta \u00e1rea se centra en el direccionamiento estrat\u00e9gico, la cultura institucional, el clima y el gobierno escolar, adem\u00e1s de las relaciones con el entorno. De esta forma es posible que el rector o director y su equipo de gesti\u00f3n organicen, desarrollen y [&hellip;]<\/p>\n","protected":false},"author":2,"featured_media":0,"parent":0,"menu_order":8,"comment_status":"closed","ping_status":"closed","template":"","meta":{"footnotes":""},"class_list":["post-92","page","type-page","status-publish","hentry"],"_links":{"self":[{"href":"https:\/\/ensfrontino.edu.co\/index.php\/wp-json\/wp\/v2\/pages\/92","targetHints":{"allow":["GET"]}}],"collection":[{"href":"https:\/\/ensfrontino.edu.co\/index.php\/wp-json\/wp\/v2\/pages"}],"about":[{"href":"https:\/\/ensfrontino.edu.co\/index.php\/wp-json\/wp\/v2\/types\/page"}],"author":[{"embeddable":true,"href":"https:\/\/ensfrontino.edu.co\/index.php\/wp-json\/wp\/v2\/users\/2"}],"replies":[{"embeddable":true,"href":"https:\/\/ensfrontino.edu.co\/index.php\/wp-json\/wp\/v2\/comments?post=92"}],"version-history":[{"count":21,"href":"https:\/\/ensfrontino.edu.co\/index.php\/wp-json\/wp\/v2\/pages\/92\/revisions"}],"predecessor-version":[{"id":455,"href":"https:\/\/ensfrontino.edu.co\/index.php\/wp-json\/wp\/v2\/pages\/92\/revisions\/455"}],"wp:attachment":[{"href":"https:\/\/ensfrontino.edu.co\/index.php\/wp-json\/wp\/v2\/media?parent=92"}],"curies":[{"name":"wp","href":"https:\/\/api.w.org\/{rel}","templated":true}]}}